z).
-18
Let t(v) = 9*v - 98. Let l = 13803 + -13789. Determine t(l).
28
Let c(k) be the third derivative of 5*k**4/12 + 58*k**3 + 8*k**2 - 1. Calculate c(-34).
8
Let b(o) = -o**2 + 5*o - 7. Let y(h) = h**2 - 42. Let m be y(7). Suppose -m*r + 9 = -26. Give b(r).
-7
Let n = -33 - -100. Suppose -7*l - n = -4. Let q be 3 - 2/(-6)*l. Let p(t) = -t**2 - t - 12. What is p(q)?
-12
Let i(j) = j**2 - 11*j - 24. Let x be i(13). Let n(f) = -7*f - f**x - 4 + 6*f - 3*f - 5*f. Let t(s) = s**2 + 9*s + 4. Let w(q) = 3*n(q) + 2*t(q). What is w(-9)?
-4
Suppose -q - 4*q + 85 = 5*d, -4*d = -q - 53. Let l be (4/10 + (-4)/60)*36. Let a be l*(-7)/(-196) + 8/d. Let y(j) = 10*j - 1. What is y(a)?
9
Let f be 6/4*2*-2. Let y(b) = b**3 + 7*b**2 + 5*b - 5. Let d = -902 + 903. Let g(o) = o**2 + o + 1. Let i(h) = d*y(h) + f*g(h). What is i(0)?
-11
Let t(f) = f**3 - f**2 - 2*f + 2. Let u be (-180)/(-85) + 10/85*-1. Let m(l) = -l**3 + 12*l**2 + 13*l - 6. Let y(k) = u*t(k) + m(k). What is y(-9)?
-2
Let b(h) = 3*h - 16. Let s be b(5). Let l(r) = 23*r**3 + 5*r**2 + 5*r - 7. Let o(g) = 11*g**3 + 3*g**2 + 3*g - 4. Let c(y) = 3*l(y) - 5*o(y). Calculate c(s).
-15
Let j(u) = -46*u - 459. Let f be j(-10). Let x(w) = -6*w**2 - w + 1. Determine x(f).
-6
Suppose 0 = 20*a + 5 + 15. Let s be (a + 4)*(112/21 + -6). Let d(m) = -6*m + 1. Calculate d(s).
13
Suppose 2*a + 134 = 5*x - x, 78 = 3*x + 3*a. Let j = x + -27. Let p(w) = 5 - 12*w**2 + 16*w**2 - w - 2*w + 0*w - 3*w**2. What is p(j)?
9
Let v(d) be the third derivative of d**5/60 + d**4/8 - d**3 + d**2. Suppose -473*y + 113*y - 1800 = 0. Give v(y).
4
Let w(b) be the first derivative of b**2 - 3*b + 1319. Give w(-1).
-5
Let p(b) = 5*b**3 - 16*b**2 + 10*b - 8. Let l(i) = -4*i**3 + 14*i**2 - 9*i + 5. Let f(a) = -4*l(a) - 3*p(a). Let d be (14/(-6))/(9/(-27)). What is f(d)?
-3
Suppose 3*y + 7 - 25 = 0. Suppose y*g + 105 = 11*g. Suppose 0 = -2*o + g - 37. Let b(l) = l**3 + 7*l**2 - 8*l - 3. What is b(o)?
-3
Let z(j) = -j**2 + 48*j - 154. Let q be z(39). Let i = q - 195. Let p(x) = 3*x**2 + 2*x. Give p(i).
16
Let g be -8*(-2)/12 + 4/6. Suppose 2*w - 3*c + g = 0, -5*w - 3*c - 5 = -c. Let m = -4 + w. Let y(z) = z + 7. What is y(m)?
2
Let v(d) = -2*d + 8. Let j be 4/(4/(-60)*-3). Suppose 4*p - j = 2*u, 0*u + 10 = p + 2*u. Give v(p).
-4
Let o(l) be the second derivative of -1/2*l**2 + 0 - 41*l + 1/10*l**5 + 0*l**3 + 1/6*l**4. Calculate o(-1).
-1
Suppose -15*y + 84226 = 8*y. Let j(l) = -l + 0*l - y + 3663. What is j(6)?
-5
Let j = 35 - 35. Suppose j = -10*p - 13 - 57. Let n(g) = -2*g**3 + 8*g**2 + 10*g + 3. Let r(c) = -c**3 + c. Let b(x) = n(x) - 3*r(x). What is b(p)?
3
Let b(x) = -x - 7. Let l = 35 + -40. Let k(o) = o**3 + 6*o**2 + o - 10. Let s be k(l). Suppose -5*m = s + 20. Determine b(m).
-1
Let t = -20 - -21. Let o(l) = -61*l**2 + 163*l - 76. Let y(s) = 5*s**2 - 13*s + 6. Let i(k) = 2*o(k) + 25*y(k). Determine i(t).
2
Let r(u) = -8*u**2 + 2*u - 2. Let s(c) = 8*c**2 - 3*c + 3. Let i(w) = -6*r(w) - 4*s(w). Suppose -4*n + 675 = -97. Let f = 192 - n. Give i(f).
16
Let k(s) = -37 + 12*s**2 + 10*s - s**3 + 30 + 2*s**3. Let l be k(-11). Let t(b) = -243*b - 242*b - 3 + 486*b. Give t(l).
1
Let y(k) = k**3 - 10*k**2 + 8*k + 3. Suppose 0 = 6*g + 2 - 62. Let p be 132/15 - (-2)/g. Let o be y(p). Let c(h) = 2*h**2 + 8*h - 5. Give c(o).
19
Let d(t) = 137 - t**2 + 140 - 406 + 149 + 4*t. Determine d(6).
8
Let j = -128 - -152. Let n(w) = -w**2 - j - 4*w + 13*w + 15. What is n(7)?
5
Let s(x) = 50 - 197*x + 183*x - 21 + x**2. Give s(10).
-11
Let s(p) be the third derivative of 23*p**2 + 0*p + 1/24*p**4 + 1/30*p**6 + 0 + 13/6*p**3 + 1/120*p**5. Let z(c) be the first derivative of s(c). What is z(-1)?
12
Let t(z) = 3*z - 9. Suppose -4*o + 4*c + 32 = -c, 9 = -o - 3*c. Suppose -o*m - 8 = -y, -2*m - 6 = -2. Let i be (10/3 - (-2)/3) + y. Calculate t(i).
9
Suppose 8 + 17 = 5*t. Let q(f) be the first derivative of -f**5/30 + 5*f**4/24 - f**3/3 + f**2 + f - 2. Let r(k) be the second derivative of q(k). What is r(t)?
-27
Let o(m) = -12*m**2 - 9 + 13*m**2 - 8 - 2 - m. Let v be o(-4). Let z(q) = -9*q**2 - q. Calculate z(v).
-10
Let l(y) be the third derivative of -y**7/840 + y**6/180 + 19*y**5/12 - 75*y**2. Let h(b) be the third derivative of l(b). Give h(4).
-20
Let j be (1/4)/((-12)/48). Suppose -11*n + 12 = -7*n. Let i(m) = -2*m - 5*m + 1 + 9*m + 17*m**n. Give i(j).
-18
Let s(x) be the third derivative of x**5/30 - 25*x**4/24 + 5*x**3/2 + x**2 - 12*x + 91. Calculate s(8).
-57
Let h be ((-18)/10)/((-2)/(-10)). Let c(s) be the second derivative of s**4/12 + 4*s**3/3 - 7*s**2/2 + 150*s. Calculate c(h).
2
Let s(o) = 10*o + 3. Suppose -25*h + 213 - 363 = 0. Determine s(h).
-57
Let c(g) be the third derivative of 15*g**4/8 - g**3/3 - 64*g**2 - 10*g. Give c(1).
43
Let v(a) = -a**3 - 8*a**2 - 15*a - 9. Let f be v(-6). Let n(x) = -37*x + 14. Let p(j) = -11*j + 5. Let b(h) = -2*n(h) + 7*p(h). What is b(f)?
-20
Let x = 2487 + -2505. Let j(t) = -t**3 - 17*t**2 + 19*t + 8. Give j(x).
-10
Let s(g) = g + 1. Let q = 144 - 133. Let f(v) = -v**2 + 6*v + 48. Let a be f(q). Determine s(a).
-6
Let a(v) be the first derivative of -4*v**2 + v + 292. Give a(-4).
33
Let t(g) = g**3 + 12*g**2 - 13*g - 11. Suppose -2*m - 2*n = -4*n, 0 = -3*m - 2*n. Suppose 22*u + 53 + 233 = m. Calculate t(u).
-11
Let g be 3/(15/695) + 3/(-3). Let i = g - 73. Let v = i + -61. Let b(s) = -s - 1. Give b(v).
-5
Let m(j) = 18*j**2 + 1. Suppose -50 = 3*g + 5*w, -5*w - 44 = 4*g - 4*w. Let c(i) = i**3 + 9*i**2 - 9*i + 11. Let n be c(g). What is m(n)?
19
Let w be (-30)/(-6) + -4 + 2. Let z(d) = -2*d**2 + 4*d**w - 263*d - 4*d**2 - 14 - 3*d**3 + 265*d. Give z(6).
-2
Let g(h) = 4*h**2 - 14*h + 10. Let o = 5764 + -5759. Determine g(o).
40
Let l(p) = 3 + 6*p - p**3 + 2 - 1 - 5*p**2. Suppose -4*m + 4*t = 0, -4*t + 1 - 6 = -3*m + 1. Give l(m).
4
Let i(z) = -12*z**3 + 54*z**2 - 27*z - 44. Let r(w) = 2*w**3 + w**2 - 1. Let y(o) = i(o) + 5*r(o). Determine y(29).
9
Let y(g) = -4 - 10*g**2 + 6*g + 2*g - 5 - 13*g + 10*g. Determine y(3).
-84
Let b(a) = a**2 + a - 1. Let j = 3 - 2. Let r(q) = 96*q**3 - 7 + 1 - 16*q**2 - 4*q + 2 + 25*q**2 - 97*q**3. Let u(x) = j*r(x) - 3*b(x). Calculate u(5).
-11
Let c(i) = 4*i + 142634 - i + 5*i - 142663 - 3*i. Determine c(11).
26
Let q(x) = -761 + 373 + 381 + x**2. Determine q(4).
9
Suppose 0 = 12*m - 15*m - 21. Suppose 0 = 6*b - 11 - 1. Let c(l) = 3 + l**b + 28*l + 5 - 23*l. Determine c(m).
22
Let p(d) = -2*d**3 + 13*d**2 + 5*d - 62. Suppose 2*z = 4 - 10, -21 = -5*u - 3*z. What is p(u)?
4
Let j(w) be the third derivative of w**4/6 + 13*w**3/6 + 10*w**2 + 3*w. Determine j(-5).
-7
Let w(z) be the first derivative of -z**2/2 - 14*z + 1965. Calculate w(-29).
15
Let t be (15/10)/(15/6)*15. Suppose 4*l = 7*l - t. Let o be 15/(15/l)*(-6)/9. Let x(a) = -2*a**3 - 3*a**2 - 2*a - 2. Give x(o).
6
Let d(t) = t**2 - 6*t - 14. Suppose 2332*m - 19 = 2352*m + 21. Determine d(m).
2
Let w(j) = -9*j - 3. Suppose -106 + 94 = -82*q - 586. Calculate w(q).
60
Let u(j) = -j**3 + 6*j**2 - 7*j. Let b(c) = 2*c**2 + 13*c + 16. Let m be b(-5). Suppose 0 = 5*k - 19 - m. Determine u(k).
4
Let x(b) = -31*b + 210. Let s(g) = -g**3 - 9*g**2 - 10*g - 9. Let d be s(-8). Let r be x(d). Let p(k) = -k**3 - 8*k**2 - 8*k - 7. Calculate p(r).
0
Let q(p) = 1103 + 1109 - 3*p - 2215. Let y(x) = x - 1. Let f be y(-4). Let j be 2*(-1)/(-2) + f. Determine q(j).
9
Let z(g) be the third derivative of 4*g**5/15 - g**4/24 + g**3/6 - 4*g**2 + 178*g + 3. Let d be -2*-2*2/8. Let q = 0 + d. Determine z(q).
16
Let f(y) be the second derivative of 11*y**3/6 - 3*y**2/2 - 128*y - 2. Give f(2).
19
Let g(f) = -1350*f**2 + 29220 + 1365*f**2 + 4*f - 29220. What is g(3)?
147
Let p = 943 - 954. Let d(z) be the second derivative of 5/2*z**2 + 0 + 1/12*z**4 + 2*z**3 - 2*z. Give d(p).
-6
Suppose 5*h = 5*w + 20, h + w = 3*w + 3. Let d(p) = -h*p + 14*p**2 + 24 - 15*p**2 - 24. Suppose 3*u = 2*u - 4. Determine d(u).
4
Let p(a) be the first derivative of -2*a**2 - a - 2. Let f be (77/(-28) - -3) + 3/((-48)/20). Give p(f).
3
Suppose 23*g = 282 + 868. Let j = 97 - 52. Let i = g - j. Let o(y) = y - 2. Determine o(i).
3
Suppose 4*n - 44 = 4*p - 0*n, -5*p - 2*n = 34. Let u = p - -37. Let m = u + -37. Let t(b) = b**2 + 7*b - 11. What is t(m)?
-3
Let f(o) = o**3 + 6*o**2 - 11*o + 